{"id":18468,"date":"2021-06-20T08:48:31","date_gmt":"2021-06-20T06:48:31","guid":{"rendered":"https:\/\/techbcndev.wearefirma.com\/event\/casal-dels-infants-ayuda-a-reducir-la-brecha-digital\/"},"modified":"2021-06-20T08:48:31","modified_gmt":"2021-06-20T06:48:31","slug":"casal-dels-infants-ayuda-a-reducir-la-brecha-digital","status":"publish","type":"event","link":"https:\/\/www.techbarcelona.com\/ca\/event\/casal-dels-infants-ayuda-a-reducir-la-brecha-digital\/","title":{"rendered":"CASAL DELS INFANTS | Ayuda a reducir la brecha digital"},"content":{"rendered":"<p><a href=\"https:\/\/www.casaldelsinfants.org\">Casal dels Infants<\/a> necesita equipar tecnol\u00f3gicamente al m\u00e1ximo sus espacios de refuerzo escolar y de estudio para poder combatir la <strong>brecha digital<\/strong> que sufren muchos ni\u00f1os\/as y adolescentes en situaci\u00f3n de pobreza.<\/p>\n<p>Con esta campa\u00f1a, invitan a participar como a empresa solidaria del <strong>Tec Casal<\/strong> haciendo un donativo de dispositivos nuevos o de segunda mano que puedan ser una oportunidad de uso y aprendizaje para <strong>1.700 ni\u00f1os\/as y adolescentes<\/strong> que lo necesiten.<\/p>\n<p>Desde septiembre de 2020, <a href=\"https:\/\/www.casaldelsinfants.org\">Casal dels Infants<\/a> est\u00e1 intensificando en los barrios donde act\u00faa las actividades educativas orientadas a reducir la <strong>brecha digital<\/strong> trabajando de forma simult\u00e1nea en la dotaci\u00f3n de dispositivos para todas las aulas y el aprendizaje de uso de herramientas digitales para los ni\u00f1os y ni\u00f1as con menos oportunidades de desarrollo en este entorno que, ahora ya, es imprescindible para crecer en igualdad de condiciones.<\/p>\n<p>Ahora mismo la necesidad es de <strong>121 dispositivos port\u00e1tiles<\/strong> para poder compartir en diferentes aulas y que, de esta forma, tengan el m\u00e1ximo provecho diario.<\/p>\n<h6><strong>CARACTER\u00cdSTICAS<\/strong><\/h6>\n<ul>\n<li>Procesador m\u00ednimo: 13\/ 4GB Memoria RAM<\/li>\n<li>C\u00e1mara integrada<\/li>\n<\/ul>\n<p>La participaci\u00f3n est\u00e1 abierta a\u00a0<u>cualquier persona<\/u>, interna o externa al Pier01.<br \/>\n\u00a1Ayudemos a crear un mundo mejor!<\/p>\n","protected":false},"featured_media":11640,"template":"","class_list":["post-18468","event","type-event","status-publish","has-post-thumbnail","hentry"],"acf":[],"yoast_head":"<!-- This site is optimized with the Yoast SEO plugin v27.5 - https:\/\/yoast.com\/product\/yoast-seo-wordpress\/ -->\n<title>CASAL DELS INFANTS | Ayuda a reducir la brecha digital - Tech Barcelona<\/title>\n<meta name=\"robots\" content=\"index, follow, max-snippet:-1, max-image-preview:large, max-video-preview:-1\" \/>\n<link rel=\"canonical\" href=\"https:\/\/www.techbarcelona.com\/ca\/event\/casal-dels-infants-ayuda-a-reducir-la-brecha-digital\/\" \/>\n<meta property=\"og:locale\" content=\"ca_ES\" \/>\n<meta property=\"og:type\" content=\"article\" \/>\n<meta property=\"og:title\" content=\"CASAL DELS INFANTS | Ayuda a reducir la brecha digital - Tech Barcelona\" \/>\n<meta property=\"og:description\" content=\"Casal dels Infants necesita equipar tecnol\u00f3gicamente al m\u00e1ximo sus espacios de refuerzo escolar y de estudio para poder combatir la brecha digital que sufren muchos ni\u00f1os\/as y adolescentes en situaci\u00f3n de pobreza. Con esta campa\u00f1a, invitan a participar como a empresa solidaria del Tec Casal haciendo un donativo de dispositivos [&hellip;]\" \/>\n<meta property=\"og:url\" content=\"https:\/\/www.techbarcelona.com\/ca\/event\/casal-dels-infants-ayuda-a-reducir-la-brecha-digital\/\" \/>\n<meta property=\"og:site_name\" content=\"Tech Barcelona\" \/>\n<meta property=\"article:publisher\" content=\"https:\/\/www.facebook.com\/BarcelonaTechCity\" \/>\n<meta property=\"og:image\" content=\"https:\/\/www.techbarcelona.com\/wp-content\/uploads\/173417819_4102899003094065_958098799964853302_n.jpg\" \/>\n\t<meta property=\"og:image:width\" content=\"2048\" \/>\n\t<meta property=\"og:image:height\" content=\"1532\" \/>\n\t<meta property=\"og:image:type\" content=\"image\/jpeg\" \/>\n<meta name=\"twitter:card\" content=\"summary_large_image\" \/>\n<meta name=\"twitter:site\" content=\"@bcntechcity\" \/>\n<meta name=\"twitter:label1\" content=\"Temps estimat de lectura\" \/>\n\t<meta name=\"twitter:data1\" content=\"1 minut\" \/>\n<script type=\"application\/ld+json\" class=\"yoast-schema-graph\">{\"@context\":\"https:\\\/\\\/schema.org\",\"@graph\":[{\"@type\":\"WebPage\",\"@id\":\"https:\\\/\\\/www.techbarcelona.com\\\/ca\\\/event\\\/casal-dels-infants-ayuda-a-reducir-la-brecha-digital\\\/\",\"url\":\"https:\\\/\\\/www.techbarcelona.com\\\/ca\\\/event\\\/casal-dels-infants-ayuda-a-reducir-la-brecha-digital\\\/\",\"name\":\"CASAL DELS INFANTS | Ayuda a reducir la brecha digital - Tech Barcelona\",\"isPartOf\":{\"@id\":\"https:\\\/\\\/www.techbarcelona.com\\\/ca\\\/#website\"},\"primaryImageOfPage\":{\"@id\":\"https:\\\/\\\/www.techbarcelona.com\\\/ca\\\/event\\\/casal-dels-infants-ayuda-a-reducir-la-brecha-digital\\\/#primaryimage\"},\"image\":{\"@id\":\"https:\\\/\\\/www.techbarcelona.com\\\/ca\\\/event\\\/casal-dels-infants-ayuda-a-reducir-la-brecha-digital\\\/#primaryimage\"},\"thumbnailUrl\":\"https:\\\/\\\/www.techbarcelona.com\\\/wp-content\\\/uploads\\\/173417819_4102899003094065_958098799964853302_n.jpg\",\"datePublished\":\"2021-06-20T06:48:31+00:00\",\"breadcrumb\":{\"@id\":\"https:\\\/\\\/www.techbarcelona.com\\\/ca\\\/event\\\/casal-dels-infants-ayuda-a-reducir-la-brecha-digital\\\/#breadcrumb\"},\"inLanguage\":\"ca\",\"potentialAction\":[{\"@type\":\"ReadAction\",\"target\":[\"https:\\\/\\\/www.techbarcelona.com\\\/ca\\\/event\\\/casal-dels-infants-ayuda-a-reducir-la-brecha-digital\\\/\"]}]},{\"@type\":\"ImageObject\",\"inLanguage\":\"ca\",\"@id\":\"https:\\\/\\\/www.techbarcelona.com\\\/ca\\\/event\\\/casal-dels-infants-ayuda-a-reducir-la-brecha-digital\\\/#primaryimage\",\"url\":\"https:\\\/\\\/www.techbarcelona.com\\\/wp-content\\\/uploads\\\/173417819_4102899003094065_958098799964853302_n.jpg\",\"contentUrl\":\"https:\\\/\\\/www.techbarcelona.com\\\/wp-content\\\/uploads\\\/173417819_4102899003094065_958098799964853302_n.jpg\",\"width\":2048,\"height\":1532},{\"@type\":\"BreadcrumbList\",\"@id\":\"https:\\\/\\\/www.techbarcelona.com\\\/ca\\\/event\\\/casal-dels-infants-ayuda-a-reducir-la-brecha-digital\\\/#breadcrumb\",\"itemListElement\":[{\"@type\":\"ListItem\",\"position\":1,\"name\":\"Portada\",\"item\":\"https:\\\/\\\/www.techbarcelona.com\\\/ca\\\/\"},{\"@type\":\"ListItem\",\"position\":2,\"name\":\"Events\",\"item\":\"https:\\\/\\\/www.techbarcelona.com\\\/ca\\\/event\\\/\"},{\"@type\":\"ListItem\",\"position\":3,\"name\":\"CASAL DELS INFANTS | Ayuda a reducir la brecha digital\"}]},{\"@type\":\"WebSite\",\"@id\":\"https:\\\/\\\/www.techbarcelona.com\\\/ca\\\/#website\",\"url\":\"https:\\\/\\\/www.techbarcelona.com\\\/ca\\\/\",\"name\":\"Tech Barcelona\",\"description\":\"\",\"publisher\":{\"@id\":\"https:\\\/\\\/www.techbarcelona.com\\\/ca\\\/#organization\"},\"potentialAction\":[{\"@type\":\"SearchAction\",\"target\":{\"@type\":\"EntryPoint\",\"urlTemplate\":\"https:\\\/\\\/www.techbarcelona.com\\\/ca\\\/?s={search_term_string}\"},\"query-input\":{\"@type\":\"PropertyValueSpecification\",\"valueRequired\":true,\"valueName\":\"search_term_string\"}}],\"inLanguage\":\"ca\"},{\"@type\":\"Organization\",\"@id\":\"https:\\\/\\\/www.techbarcelona.com\\\/ca\\\/#organization\",\"name\":\"Tech Barcelona\",\"url\":\"https:\\\/\\\/www.techbarcelona.com\\\/ca\\\/\",\"logo\":{\"@type\":\"ImageObject\",\"inLanguage\":\"ca\",\"@id\":\"https:\\\/\\\/www.techbarcelona.com\\\/ca\\\/#\\\/schema\\\/logo\\\/image\\\/\",\"url\":\"https:\\\/\\\/www.techbarcelona.com\\\/wp-content\\\/uploads\\\/logo-tech-bcn-black.png\",\"contentUrl\":\"https:\\\/\\\/www.techbarcelona.com\\\/wp-content\\\/uploads\\\/logo-tech-bcn-black.png\",\"width\":347,\"height\":90,\"caption\":\"Tech Barcelona\"},\"image\":{\"@id\":\"https:\\\/\\\/www.techbarcelona.com\\\/ca\\\/#\\\/schema\\\/logo\\\/image\\\/\"},\"sameAs\":[\"https:\\\/\\\/www.facebook.com\\\/BarcelonaTechCity\",\"https:\\\/\\\/x.com\\\/bcntechcity\",\"https:\\\/\\\/www.instagram.com\\\/bcntechcity\\\/\",\"https:\\\/\\\/www.linkedin.com\\\/company\\\/barcelona-tech-city\\\/\",\"https:\\\/\\\/www.youtube.com\\\/channel\\\/UCKX-ZX0pM37GRtVNKgr4Rxg\"]}]}<\/script>\n<!-- \/ Yoast SEO plugin. -->","yoast_head_json":{"title":"CASAL DELS INFANTS | Ayuda a reducir la brecha digital - Tech Barcelona","robots":{"index":"index","follow":"follow","max-snippet":"max-snippet:-1","max-image-preview":"max-image-preview:large","max-video-preview":"max-video-preview:-1"},"canonical":"https:\/\/www.techbarcelona.com\/ca\/event\/casal-dels-infants-ayuda-a-reducir-la-brecha-digital\/","og_locale":"ca_ES","og_type":"article","og_title":"CASAL DELS INFANTS | Ayuda a reducir la brecha digital - Tech Barcelona","og_description":"Casal dels Infants necesita equipar tecnol\u00f3gicamente al m\u00e1ximo sus espacios de refuerzo escolar y de estudio para poder combatir la brecha digital que sufren muchos ni\u00f1os\/as y adolescentes en situaci\u00f3n de pobreza. Con esta campa\u00f1a, invitan a participar como a empresa solidaria del Tec Casal haciendo un donativo de dispositivos [&hellip;]","og_url":"https:\/\/www.techbarcelona.com\/ca\/event\/casal-dels-infants-ayuda-a-reducir-la-brecha-digital\/","og_site_name":"Tech Barcelona","article_publisher":"https:\/\/www.facebook.com\/BarcelonaTechCity","og_image":[{"width":2048,"height":1532,"url":"https:\/\/www.techbarcelona.com\/wp-content\/uploads\/173417819_4102899003094065_958098799964853302_n.jpg","type":"image\/jpeg"}],"twitter_card":"summary_large_image","twitter_site":"@bcntechcity","twitter_misc":{"Temps estimat de lectura":"1 minut"},"schema":{"@context":"https:\/\/schema.org","@graph":[{"@type":"WebPage","@id":"https:\/\/www.techbarcelona.com\/ca\/event\/casal-dels-infants-ayuda-a-reducir-la-brecha-digital\/","url":"https:\/\/www.techbarcelona.com\/ca\/event\/casal-dels-infants-ayuda-a-reducir-la-brecha-digital\/","name":"CASAL DELS INFANTS | Ayuda a reducir la brecha digital - Tech Barcelona","isPartOf":{"@id":"https:\/\/www.techbarcelona.com\/ca\/#website"},"primaryImageOfPage":{"@id":"https:\/\/www.techbarcelona.com\/ca\/event\/casal-dels-infants-ayuda-a-reducir-la-brecha-digital\/#primaryimage"},"image":{"@id":"https:\/\/www.techbarcelona.com\/ca\/event\/casal-dels-infants-ayuda-a-reducir-la-brecha-digital\/#primaryimage"},"thumbnailUrl":"https:\/\/www.techbarcelona.com\/wp-content\/uploads\/173417819_4102899003094065_958098799964853302_n.jpg","datePublished":"2021-06-20T06:48:31+00:00","breadcrumb":{"@id":"https:\/\/www.techbarcelona.com\/ca\/event\/casal-dels-infants-ayuda-a-reducir-la-brecha-digital\/#breadcrumb"},"inLanguage":"ca","potentialAction":[{"@type":"ReadAction","target":["https:\/\/www.techbarcelona.com\/ca\/event\/casal-dels-infants-ayuda-a-reducir-la-brecha-digital\/"]}]},{"@type":"ImageObject","inLanguage":"ca","@id":"https:\/\/www.techbarcelona.com\/ca\/event\/casal-dels-infants-ayuda-a-reducir-la-brecha-digital\/#primaryimage","url":"https:\/\/www.techbarcelona.com\/wp-content\/uploads\/173417819_4102899003094065_958098799964853302_n.jpg","contentUrl":"https:\/\/www.techbarcelona.com\/wp-content\/uploads\/173417819_4102899003094065_958098799964853302_n.jpg","width":2048,"height":1532},{"@type":"BreadcrumbList","@id":"https:\/\/www.techbarcelona.com\/ca\/event\/casal-dels-infants-ayuda-a-reducir-la-brecha-digital\/#breadcrumb","itemListElement":[{"@type":"ListItem","position":1,"name":"Portada","item":"https:\/\/www.techbarcelona.com\/ca\/"},{"@type":"ListItem","position":2,"name":"Events","item":"https:\/\/www.techbarcelona.com\/ca\/event\/"},{"@type":"ListItem","position":3,"name":"CASAL DELS INFANTS | Ayuda a reducir la brecha digital"}]},{"@type":"WebSite","@id":"https:\/\/www.techbarcelona.com\/ca\/#website","url":"https:\/\/www.techbarcelona.com\/ca\/","name":"Tech Barcelona","description":"","publisher":{"@id":"https:\/\/www.techbarcelona.com\/ca\/#organization"},"potentialAction":[{"@type":"SearchAction","target":{"@type":"EntryPoint","urlTemplate":"https:\/\/www.techbarcelona.com\/ca\/?s={search_term_string}"},"query-input":{"@type":"PropertyValueSpecification","valueRequired":true,"valueName":"search_term_string"}}],"inLanguage":"ca"},{"@type":"Organization","@id":"https:\/\/www.techbarcelona.com\/ca\/#organization","name":"Tech Barcelona","url":"https:\/\/www.techbarcelona.com\/ca\/","logo":{"@type":"ImageObject","inLanguage":"ca","@id":"https:\/\/www.techbarcelona.com\/ca\/#\/schema\/logo\/image\/","url":"https:\/\/www.techbarcelona.com\/wp-content\/uploads\/logo-tech-bcn-black.png","contentUrl":"https:\/\/www.techbarcelona.com\/wp-content\/uploads\/logo-tech-bcn-black.png","width":347,"height":90,"caption":"Tech Barcelona"},"image":{"@id":"https:\/\/www.techbarcelona.com\/ca\/#\/schema\/logo\/image\/"},"sameAs":["https:\/\/www.facebook.com\/BarcelonaTechCity","https:\/\/x.com\/bcntechcity","https:\/\/www.instagram.com\/bcntechcity\/","https:\/\/www.linkedin.com\/company\/barcelona-tech-city\/","https:\/\/www.youtube.com\/channel\/UCKX-ZX0pM37GRtVNKgr4Rxg"]}]}},"_links":{"self":[{"href":"https:\/\/www.techbarcelona.com\/ca\/wp-json\/wp\/v2\/event\/18468","targetHints":{"allow":["GET"]}}],"collection":[{"href":"https:\/\/www.techbarcelona.com\/ca\/wp-json\/wp\/v2\/event"}],"about":[{"href":"https:\/\/www.techbarcelona.com\/ca\/wp-json\/wp\/v2\/types\/event"}],"wp:featuredmedia":[{"embeddable":true,"href":"https:\/\/www.techbarcelona.com\/ca\/wp-json\/wp\/v2\/media\/11640"}],"wp:attachment":[{"href":"https:\/\/www.techbarcelona.com\/ca\/wp-json\/wp\/v2\/media?parent=18468"}],"curies":[{"name":"wp","href":"https:\/\/api.w.org\/{rel}","templated":true}]}}

<p><a href="https://www.casaldelsinfants.org">Casal dels Infants</a> necesita equipar tecnológicamente al máximo sus espacios de refuerzo escolar y de estudio para poder combatir la <strong>brecha digital</strong> que sufren muchos niños/as y adolescentes en situación de pobreza.</p>
<p>Con esta campaña, invitan a participar como a empresa solidaria del <strong>Tec Casal</strong> haciendo un donativo de dispositivos nuevos o de segunda mano que puedan ser una oportunidad de uso y aprendizaje para <strong>1.700 niños/as y adolescentes</strong> que lo necesiten.</p>
<p>Desde septiembre de 2020, <a href="https://www.casaldelsinfants.org">Casal dels Infants</a> está intensificando en los barrios donde actúa las actividades educativas orientadas a reducir la <strong>brecha digital</strong> trabajando de forma simultánea en la dotación de dispositivos para todas las aulas y el aprendizaje de uso de herramientas digitales para los niños y niñas con menos oportunidades de desarrollo en este entorno que, ahora ya, es imprescindible para crecer en igualdad de condiciones.</p>
<p>Ahora mismo la necesidad es de <strong>121 dispositivos portátiles</strong> para poder compartir en diferentes aulas y que, de esta forma, tengan el máximo provecho diario.</p>
<h6><strong>CARACTERÍSTICAS</strong></h6>
<ul>
<li>Procesador mínimo: 13/ 4GB Memoria RAM</li>
<li>Cámara integrada</li>
</ul>
<p>La participación está abierta a <u>cualquier persona</u>, interna o externa al Pier01.<br />
¡Ayudemos a crear un mundo mejor!</p>

<!-- This site is optimized with the Yoast SEO plugin v27.5 - https://yoast.com/product/yoast-seo-wordpress/ -->
<title>CASAL DELS INFANTS | Ayuda a reducir la brecha digital - Tech Barcelona</title>
<meta name="robots" content="index, follow, max-snippet:-1, max-image-preview:large, max-video-preview:-1" />
<link rel="canonical" href="https://www.techbarcelona.com/ca/event/casal-dels-infants-ayuda-a-reducir-la-brecha-digital/" />
<meta property="og:locale" content="ca_ES" />
<meta property="og:type" content="article" />
<meta property="og:title" content="CASAL DELS INFANTS | Ayuda a reducir la brecha digital - Tech Barcelona" />
<meta property="og:description" content="Casal dels Infants necesita equipar tecnológicamente al máximo sus espacios de refuerzo escolar y de estudio para poder combatir la brecha digital que sufren muchos niños/as y adolescentes en situación de pobreza. Con esta campaña, invitan a participar como a empresa solidaria del Tec Casal haciendo un donativo de dispositivos [&hellip;]" />
<meta property="og:url" content="https://www.techbarcelona.com/ca/event/casal-dels-infants-ayuda-a-reducir-la-brecha-digital/" />
<meta property="og:site_name" content="Tech Barcelona" />
<meta property="article:publisher" content="https://www.facebook.com/BarcelonaTechCity" />
<meta property="og:image" content="https://www.techbarcelona.com/wp-content/uploads/173417819_4102899003094065_958098799964853302_n.jpg" />
	<meta property="og:image:width" content="2048" />
	<meta property="og:image:height" content="1532" />
	<meta property="og:image:type" content="image/jpeg" />
<meta name="twitter:card" content="summary_large_image" />
<meta name="twitter:site" content="@bcntechcity" />
<meta name="twitter:label1" content="Temps estimat de lectura" />
	<meta name="twitter:data1" content="1 minut" />
<script type="application/ld+json" class="yoast-schema-graph">{"@context":"https:\/\/schema.org","@graph":[{"@type":"WebPage","@id":"https:\/\/www.techbarcelona.com\/ca\/event\/casal-dels-infants-ayuda-a-reducir-la-brecha-digital\/","url":"https:\/\/www.techbarcelona.com\/ca\/event\/casal-dels-infants-ayuda-a-reducir-la-brecha-digital\/","name":"CASAL DELS INFANTS | Ayuda a reducir la brecha digital - Tech Barcelona","isPartOf":{"@id":"https:\/\/www.techbarcelona.com\/ca\/#website"},"primaryImageOfPage":{"@id":"https:\/\/www.techbarcelona.com\/ca\/event\/casal-dels-infants-ayuda-a-reducir-la-brecha-digital\/#primaryimage"},"image":{"@id":"https:\/\/www.techbarcelona.com\/ca\/event\/casal-dels-infants-ayuda-a-reducir-la-brecha-digital\/#primaryimage"},"thumbnailUrl":"https:\/\/www.techbarcelona.com\/wp-content\/uploads\/173417819_4102899003094065_958098799964853302_n.jpg","datePublished":"2021-06-20T06:48:31+00:00","breadcrumb":{"@id":"https:\/\/www.techbarcelona.com\/ca\/event\/casal-dels-infants-ayuda-a-reducir-la-brecha-digital\/#breadcrumb"},"inLanguage":"ca","potentialAction":[{"@type":"ReadAction","target":["https:\/\/www.techbarcelona.com\/ca\/event\/casal-dels-infants-ayuda-a-reducir-la-brecha-digital\/"]}]},{"@type":"ImageObject","inLanguage":"ca","@id":"https:\/\/www.techbarcelona.com\/ca\/event\/casal-dels-infants-ayuda-a-reducir-la-brecha-digital\/#primaryimage","url":"https:\/\/www.techbarcelona.com\/wp-content\/uploads\/173417819_4102899003094065_958098799964853302_n.jpg","contentUrl":"https:\/\/www.techbarcelona.com\/wp-content\/uploads\/173417819_4102899003094065_958098799964853302_n.jpg","width":2048,"height":1532},{"@type":"BreadcrumbList","@id":"https:\/\/www.techbarcelona.com\/ca\/event\/casal-dels-infants-ayuda-a-reducir-la-brecha-digital\/#breadcrumb","itemListElement":[{"@type":"ListItem","position":1,"name":"Portada","item":"https:\/\/www.techbarcelona.com\/ca\/"},{"@type":"ListItem","position":2,"name":"Events","item":"https:\/\/www.techbarcelona.com\/ca\/event\/"},{"@type":"ListItem","position":3,"name":"CASAL DELS INFANTS | Ayuda a reducir la brecha digital"}]},{"@type":"WebSite","@id":"https:\/\/www.techbarcelona.com\/ca\/#website","url":"https:\/\/www.techbarcelona.com\/ca\/","name":"Tech Barcelona","description":"","publisher":{"@id":"https:\/\/www.techbarcelona.com\/ca\/#organization"},"potentialAction":[{"@type":"SearchAction","target":{"@type":"EntryPoint","urlTemplate":"https:\/\/www.techbarcelona.com\/ca\/?s={search_term_string}"},"query-input":{"@type":"PropertyValueSpecification","valueRequired":true,"valueName":"search_term_string"}}],"inLanguage":"ca"},{"@type":"Organization","@id":"https:\/\/www.techbarcelona.com\/ca\/#organization","name":"Tech Barcelona","url":"https:\/\/www.techbarcelona.com\/ca\/","logo":{"@type":"ImageObject","inLanguage":"ca","@id":"https:\/\/www.techbarcelona.com\/ca\/#\/schema\/logo\/image\/","url":"https:\/\/www.techbarcelona.com\/wp-content\/uploads\/logo-tech-bcn-black.png","contentUrl":"https:\/\/www.techbarcelona.com\/wp-content\/uploads\/logo-tech-bcn-black.png","width":347,"height":90,"caption":"Tech Barcelona"},"image":{"@id":"https:\/\/www.techbarcelona.com\/ca\/#\/schema\/logo\/image\/"},"sameAs":["https:\/\/www.facebook.com\/BarcelonaTechCity","https:\/\/x.com\/bcntechcity","https:\/\/www.instagram.com\/bcntechcity\/","https:\/\/www.linkedin.com\/company\/barcelona-tech-city\/","https:\/\/www.youtube.com\/channel\/UCKX-ZX0pM37GRtVNKgr4Rxg"]}]}</script>
<!-- / Yoast SEO plugin. -->

Casal dels Infants necesita equipar tecnológicamente al máximo sus espacios de refuerzo escolar y de estudio para poder combatir la brecha digital que sufren muchos niños/as y adolescentes en situación de pobreza. Con esta campaña, invitan a participar como a empresa solidaria del Tec Casal haciendo un donativo de dispositivos [&hellip;]
